55930362935 a composite number?
True
Is 7520491299 a composite number?
True
Is 11412180973 prime?
False
Is 988833557 prime?
False
Is 171138361 prime?
False
Is 3368560633 prime?
False
Is 58917484677 a composite number?
True
Is 5988507937 prime?
False
Is 3197898233 a composite number?
True
Is 1024687891 a prime number?
False
Is 10005726851 a composite number?
False
Is 1055044723 a composite number?
False
Is 33927512029 prime?
True
Is 3080119093 composite?
False
Is 56045949121 composite?
False
Is 2616259103 a composite number?
False
Is 108638213 composite?
True
Is 12585745741 a composite number?
True
Is 1084843913 a composite number?
True
Is 5331637 a composite number?
False
Is 9693525977 a prime number?
True
Is 745825523 composite?
True
Is 295085459 composite?
True
Is 4750635919 a composite number?
False
Is 43627819987 a composite number?
False
Is 34719064465 a prime number?
False
Is 77229341827 prime?
False
Is 9435605299 prime?
True
Is 944525921 composite?
False
Is 73458932041 a prime number?
False
Is 661120169 prime?
True
Is 114990449017 prime?
False
Is 1467486535 a prime number?
False
Is 381583427 composite?
False
Is 1986396259 composite?
False
Is 5077721197 a composite number?
False
Is 8928854101 prime?
True
Is 367575563 a composite number?
False
Is 22149738046 a composite number?
True
Is 2651290571 prime?
False
Is 76101365843 prime?
True
Is 8612092823 a composite number?
False
Is 25786030663 a composite number?
False
Is 49183697 prime?
True
Is 16627877047 a prime number?
False
Is 43858086673 a composite number?
True
Is 212168432633 composite?
False
Is 257577275479 composite?
False
Is 144127184167 a composite number?
False
Is 9022604041 a prime number?
False
Is 203589247 a composite number?
False
Is 180619213849 a composite number?
False
Is 2136580393 composite?
True
Is 327814199 composite?
True
Is 5910381559 composite?
False
Is 1011454411 a prime number?
False
Is 1740799381 a prime number?
True
Is 5402261237 a prime number?
True
Is 303871151 prime?
False
Is 10256296079 prime?
True
Is 59581647985 composite?
True
Is 93532561 a composite number?
True
Is 20713463923 a prime number?
True
Is 368300473 a composite number?
True
Is 382833202 prime?
False
Is 101437257013 composite?
False
Is 20903826787 prime?
False
Is 1162727359 a prime number?
False
Is 87485389 a composite number?
True
Is 3705809251 composite?
False
Is 24122782221 a composite number?
True
Is 124866523 a composite number?
True
Is 646573049 a composite number?
False
Is 18295160867 a composite number?
True
Is 115568802047 a composite number?
True
Is 45495550873 a prime number?
False
Is 674047991 a prime number?
False
Is 40001439947 a prime number?
False
Is 2892594899 prime?
False
Is 4009404913 composite?
True
Is 110830381 a composite number?
False
Is 1230256597 a composite number?
False
Is 3032140549 a composite number?
True
Is 1047756917 a composite number?
False
Is 1398630047 composite?
False
Is 398964555181 composite?
False
Is 5139145859 a composite number?
True
Is 346722007 prime?
False
Is 7571745491 a prime number?
False
Is 3607711021 prime?
False
Is 379829894 a composite number?
True
Is 52677153421 a composite number?
True
Is 40774538819 prime?
False
Is 8892919 composite?
True
Is 192468867 a composite number?
True
Is 12644219303 prime?
True
Is 219886969189 prime?
True
Is 4766888429 a composite number?
False
Is 301379612515 a composite number?
True
Is 544275409 prime?
False
Is 55985319577 prime?
False
Is 61210888877 composite?
False
Is 29124479 prime?
True
Is 3445834517 a prime number?
False
Is 15400348657 composite?
True
Is 588403793 composite?
False
Is 32199834769 composite?
False
Is 12696000959 a composite number?
False
Is 259339221485 composite?
True
Is 24855030169 a composite number?
False
Is 2544627511 a prime number?
True
Is 651416497 composite?
False
Is 52838470189 a prime number?
True
Is 1525880113 a prime number?
False
Is 271129790735 composite?
True
Is 7331691883 a prime number?
True
Is 14570025857 composite?
False
Is 39433621189 prime?
False
Is 15232474771 a prime number?
True
Is 3797072107 prime?
False
Is 739014443 composite?
True
Is 21355443895 a prime number?
False
Is 266370913 a prime number?
False
Is 516212261 a prime number?
True
Is 763490755 a prime number?
False
Is 5167609393 a prime number?
True
Is 24255679513 prime?
False
Is 2368484497 a prime number?
False
Is 2103679031 prime?
False
Is 75125937683 a prime number?
True
Is 1393708661 composite?
False
Is 129903283 composite?
False
Is 322469513 a composite number?
True
Is 28203046097 a composite number?
False
Is 6435836951 composite?
False
Is 5924144627 composite?
True
Is 4170775459 prime?
False
Is 31127263777 prime?
True
Is 164587811 a prime number?
False
Is 554390819 a composite number?
True
Is 12469195039 prime?
False
Is 461362357 prime?
True
Is 5010963929 a composite number?
True
Is 64382834947 a prime number?
True
Is 178642463 prime?
False
Is 4157187241 prime?
False
Is 1315362359 a composite number?
True
Is 194274331 a prime number?
True
Is 52085459513 composite?
True
Is 10937170297 a composite number?
True
Is 15391222103 a prime number?
False
Is 632965973 a prime number?
False
Is 37486114451 prime?
False
Is 172905622 a prime number?
False
Is 31882275511 a composite number?
True
Is 18984671999 a prime number?
False
Is 14164584509 a composite number?
False
Is 393522533 a prime number?
True
Is 1899390629 composite?
False
Is 29756957569 prime?
True
Is 23341300445 a composite number?
True
Is 2254801639 a composite number?
False
Is 1253004997 composite?
True
Is 1589457539 a prime number?
True
Is 413740777 composite?
False
Is 13902119071 a prime number?
True
Is 187082591 a composite number?
False
Is 81819889 composite?
False
Is 366389207 a prime number?
False
Is 45129165509 a prime number?
False
Is 140300241539 composite?
False
Is 16795992329 prime?
True
Is 75373171693 prime?
False
Is 420974569 composite?
False
Is 81952076263 composite?
False
Is 1552876363 prime?
True
Is 642237179 prime?
True
Is 1513581061 a prime number?
True
Is 78777946373 composite?
True
Is 179139679 a composite number?
True
Is 683504063 prime?
False
Is 1171723883 prime?
False
Is 1351323986 composite?
True
Is 3303679997 prime?
False
Is 1844774441 a composite number?
True
Is 2344912627 composite?
True
Is 362148619 a composite number?
True
Is 23245485871 composite?
False
Is 16019954107 a composite number?
True
Is 2187834371 a prime number?
False
Is 8591279633 prime?
True
Is 626737303 prime?
True
Is 5874534389 a composite number?
False
Is 1969978097 a prime number?
False
Is 319527493 prime?
False
Is 1874979019 composite?
False
Is 8660631337 a composite number?
True
Is 3076354943 a prime number?
False
Is 1417818769 a prime number?
False
Is 1335123037 prime?
False
Is 1313811641 a prime number?
False
Is 735195927 composite?
True
Is 340624833 prime?
False
Is 8460218815 a composite number?
True
Is 5374882099 composite?
False
Is 1995326233 composite?
True
Is 929539097 composite?
False
Is 510867433 a prime number?
True
Is 69586919 composite?
False
Is 62033180681 a prime number?
False
Is 757255913 composite?
True
Is 670486871 a composite number?
False
Is 1402611569 prime?
True
Is 35459752129 prime?
True
Is 2831846263 prime?
False
Is 29181286073 a prime number?
True
Is 18872799581 composite?
True
Is 6903306587 prime?
True
Is 10366251997 composite?
False
Is 1012380209 a prime number?
False
Is 59592861551 a prime number?
True
Is 2933554079 composite?
False
Is 108004951 a composite number?
False
Is 11962006631 composite?
True
Is 70613745221 a prime number?
True
Is 2307284401 composite?
False
Is 2392874727 a prime number?
False
Is 66092933 a prime number?
True
Is 281117609 prime?
False
Is 628571971 a composite number?
False
Is 49889929 a prime number?
False
Is 2245741561 prime?
False
Is 852829721 composite?
False
Is 13724739227 a prime number?
False
Is 16103376937 prime?
True
Is 71429008423 a prime number?
True
Is 140565662455 a prime number?
False
Is 9548970367 composite?
False
Is 32368409 a prime number?
True
Is 3593636023 a composite number?
False
Is 397619049541 a composite number?
True
Is 35073720317 a composite number?
False
Is 14273413199 prime?
False
Is 1387616102 composite?
True
Is 22684456946 prime?
False
Is 6246555187 a prime number?
True
Is 5